common divisor of 6 and l.
6
Let z(h) = h - 5. Let a be z(5). Suppose -f + 3*f + 134 = a. Let b = -37 - f. What is the highest common factor of 20 and b?
10
Suppose -7 - 59 = -3*w. Suppose 23 = 5*j - w. What is the greatest common divisor of 27 and j?
9
Let j be 4/(16/315) + 18/(-24). Suppose 6*k = 3*k + 78. What is the greatest common factor of k and j?
26
Let i(o) = o + 6*o + 6 + 4*o**2 - 2*o. Let l be i(-4). What is the greatest common factor of l and 20?
10
Suppose 0 = 4*k - 148 + 60. Calculate the highest common divisor of k and 2.
2
Suppose 5*z - 35 = -5*y, y + 22 = 4*z + 4. Suppose 90 + 50 = y*k. Let u = 22 + -12. Calculate the highest common factor of u and k.
10
Suppose 3*p - 7 + 19 = 0. Let v be 1 + p/(8/(-10)). What is the highest common divisor of v and 15?
3
Suppose 0 = -5*z + 79 - 4. Suppose -1 = 2*o + 1. Let u(c) = 134*c**2 - c. Let l be u(o). What is the highest common factor of z and l?
15
Let r(b) = 2*b**2 + 4*b + 3. Let i be r(-2). Let u = 6 - i. Let s be (u - (3 - 3))*5. What is the greatest common factor of s and 135?
15
Suppose -5*t = -t + w - 15, 0 = -5*t - 2*w + 18. Calculate the highest common divisor of t and 2.
2
Let z(g) = 3*g - 3. Suppose 0 = 2*s - 0 - 4. Let b be z(s). Calculate the highest common factor of b and 2.
1
Let y(s) = -s**2 - 4*s + 1. Let m be y(-3). Suppose m*v = 2*v + 18. Suppose 103 = w + 31. What is the greatest common divisor of v and w?
9
Suppose -4*t - 5*m - 7 = -19, 0 = -3*t - 2*m + 2. Let j be ((-12)/(-2))/(t/(-6)). Calculate the highest common factor of j and 126.
18
Let w be -5*((-18)/(-5))/3. Let i be w*(2 + 30/(-4)). What is the greatest common factor of 3 and i?
3
Suppose -5*r - 3*m + 12 = 0, 4*m = -2*r + m + 12. Suppose -4*x + 3*u = -x - 87, r = 2*x - 4*u - 66. Calculate the highest common factor of 50 and x.
25
Let i be (2 + 7)/((-6)/(-16)). Calculate the greatest common divisor of i and 3.
3
Suppose 0 = -2*u - 11 - 9. Let y = u - -17. Calculate the greatest common divisor of 77 and y.
7
Suppose -t = -4*t - 18. Let m(l) = 69*l + 7. Let n(y) = 34*y + 3. Let g(h) = -6*m(h) + 11*n(h). Let b be g(t). Calculate the highest common divisor of b and 21.
21
Suppose -4 + 49 = 5*b. Let r(p) = p**2 - 6*p + 11. Let q be r(b). Suppose -2*s + k + 36 = 0, -s + 2*k = s - q. What is the highest common divisor of s and 17?
17
Let o be (-5 + 2)/((-5)/125). What is the greatest common divisor of 15 and o?
15
Suppose -3*w + 5*a + 38 = 0, w - 15 = -3*a + 7. Calculate the greatest common divisor of w and 2.
2
Suppose 5*i + 250 = -0*i. Let q be (460/i)/((-1)/10). Calculate the greatest common divisor of 23 and q.
23
Let k(u) = -7*u + 8*u - 15 - 13*u + 2*u**2. Let a be k(11). What is the highest common factor of 38 and a?
19
Let c = -29 - -32. Calculate the highest common factor of 3 and c.
3
Let o(r) = -r**3 + 6*r**2 - 5*r + 4. Suppose 0*s + s - 2 = 0. Suppose -s*c - 2*c + 20 = 0. Let p be o(c). Calculate the highest common divisor of p and 32.
4
Suppose 4*n - 100 = -3*a, -a = -3*n + 7*n - 44. Calculate the highest common factor of a and 42.
14
Suppose x + p = -2*x + 600, 2*x - 396 = -2*p. Suppose 5*z + k = 333, 2*k = 3*z + 3*k - x. Calculate the highest common divisor of z and 6.
6
Let m be ((-3)/9)/((-5)/675). What is the highest common divisor of m and 9?
9
Suppose 288 = -y + 5*y. Calculate the highest common factor of y and 18.
18
Suppose -3*z + 27 = -5*f - 4, 77 = 5*z - 2*f. What is the greatest common factor of z and 68?
17
Let s(p) = -p**2 + 4*p - 6. Let h be s(4). Let i be (432/(-40))/(h/20). What is the highest common factor of 54 and i?
18
Suppose -271 = z - 106. Let h = -83 + z. Let t = h - -365. Calculate the highest common factor of 13 and t.
13
Let w be -3 + (4/10 - (-1346)/10). Let p(h) = 12*h**2. Let t be ((-4)/(-6))/((-6)/9). Let k be p(t). What is the greatest common factor of w and k?
12
Let x(i) = -2*i + 1 - 2*i**2 - 2 - 24*i**3 - 40*i**3. Let w = 0 - 1. Let g be x(w). Calculate the greatest common divisor of 7 and g.
7
Suppose 5 = 2*a + 1, -2*a = 4*b - 124. What is the greatest common factor of 6 and b?
6
Let a(y) = -2*y - 8. Let z be a(-9). What is the highest common factor of 110 and z?
10
Let p = 1 + 3. Suppose j - 3*j + p = 0. Let u be j*1 + (67 - 3). What is the highest common factor of u and 6?
6
Let b(o) = -3*o + 5. Let s(r) = r. Let w(f) = b(f) + 2*s(f). Let i be w(-4). Suppose 0 = -j - 3 + 4. What is the greatest common divisor of j and i?
1
Let j(k) = 62*k**2 + 2*k - 3. Let f be j(3). Let a be 1*f/((-6)/(-2)). Calculate the highest common factor of a and 17.
17
Let j(r) = r**3 - 11*r**2 + r - 9. Let l be j(11). Suppose 0 = 3*x - l*x - 6. Calculate the greatest common divisor of x and 12.
6
Let k(r) = 3*r + 12. Let c = -11 - -16. Let b be k(c). Calculate the highest common factor of b and 18.
9
Let g be 2*44/8 + 3/(-1). What is the greatest common factor of g and 76?
4
Suppose 18*s - 21*s + 216 = 0. Calculate the highest common divisor of 18 and s.
18
Let b = 22 + -8. Let t(j) = -j**3 + 4*j**2 + 3*j - 6. Let g be t(4). Let u = b - g. What is the highest common divisor of 8 and u?
8
Let z = -28 + 30. Calculate the highest common divisor of 2 and z.
2
Suppose -6*x = -3*x - 405. What is the greatest common divisor of x and 15?
15
Suppose -1 + 10 = 3*p. Suppose -2*i + 44 = w, -2*w + 96 = -p*i - i. What is the greatest common factor of 23 and w?
23
Suppose 5*a - j - 344 = -3*j, 0 = -4*j - 12. What is the greatest common factor of 10 and a?
10
Let k(r) = -r**2 - 26*r - 42. Let h be k(-11). Calculate the greatest common divisor of h and 164.
41
Let r(i) = -127*i - 1. Let k be r(-1). Suppose -66*v + 70*v + 4*w = 52, 0 = -5*v + 5*w + 115. Calculate the greatest common divisor of k and v.
18
Suppose 12 - 39 = -3*g. Calculate the highest common factor of 225 and g.
9
Let h = -151 - -681. Suppose 4*m - h = 46. Calculate the highest common divisor of 16 and m.
16
Let c be -2*3/6 - -2. What is the greatest common factor of c and 8?
1
Suppose -4*u - 5*b - 16 = -0*b, 5*u = 4*b + 21. Let y(m) = 11*m**3 + 2*m**2 - m. Let w be y(u). What is the highest common divisor of w and 132?
12
Suppose -12 + 0 = -g. Suppose 3*s + 0 - 12 = 0. Let f(l) = 26*l + 4. Let z be f(s). What is the highest common divisor of g and z?
12
Let t = 94 + -72. What is the greatest common factor of 11 and t?
11
Let r(u) = -3*u**2 + 27*u + 33. Let o be r(10). Suppose 0 = -4*k + 9 + 3. What is the highest common factor of k and o?
3
Suppose 20 = q - 115. Suppose -4*p - f + 82 = -75, 3*p = 5*f + q. What is the highest common divisor of 16 and p?
8
Let a(i) = -i**3 + 5*i**2 + 2*i - 7. Let k be a(5). Let g = 155 - 96. Let w = g - 29. Calculate the highest common divisor of w and k.
3
Let i be 24/10 + 10/(-25). What is the highest common divisor of i and 7?
1
Let q = -9 - -15. Let n be (q/(-10))/(8/(-120)). Calculate the greatest common factor of n and 72.
9
Suppose -y - 2*a = -3*a - 11, a + 51 = 5*y. Calculate the greatest common divisor of 40 and y.
10
Suppose -5*j + 1024 = -j. What is the greatest common divisor of j and 16?
16
Suppose 0 = -2*t + 3 + 5. Suppose -34 = -t*j - 3*w, 3*j - 8 = -5*w + 12. Suppose -5*d + 113 = -12. Calculate the greatest common factor of j and d.
5
Suppose -450 = -6*z - 4*z. What is the greatest common factor of z and 15?
15
Suppose 116 = 4*p - 136. Suppose 5 = h - 0. Let k be -2*(180/(-8))/h. Calculate the greatest common divisor of p and k.
9
Suppose -v = 5*p - 161, 4*p - 2*v + v = 127. Suppose -3*x = -13 - p. Calculate the highest common factor of x and 90.
15
Suppose 8*g = 3*g, -3*j = -5*g - 54. What is the greatest common divisor of 2 and j?
2
Let j be (-128)/(-10) - (-5)/25. Calculate the greatest common divisor of 117 and j.
13
Suppose -3*w = -0*w + 4*j - 84, -j - 69 = -3*w. Let i = 45 + -39. Calculate the greatest common divisor of w and i.
6
Suppose 15 = -4*w + 99. Calculate the greatest common factor of 21 and w.
21
Let n(j) = j + 2. Let w be n(6). Calculate the highest common factor of w and 64.
8
Suppose 4*q = 2*q + 206. Suppose -4*g + 3*k = -132, q + 13 = 4*g + k. What is the greatest common factor of 10 and g?
10
Suppose -33 = -4*k + 171. What is the highest common factor of 17 and k?
17
Let b = 11 - 5. What is the greatest common divisor of 66 and b?
6
Suppose 2*a + 4*h = 5*a - 10, a + 